j + 3*p + 9 = 4*j, 12 = 4*j - 4*p. Let l(q) = -q**2 + 2 + 2 - q**3 + 4. What are the prime factors of l(j)?
2
Let l(q) = 2*q + 16. Suppose 2*n - 7*n = 0. List the prime factors of l(n).
2
Suppose -2*i = -5*y - 26, -3 = 2*i - 3*y - 21. Suppose 0 = i*d - 4*d + 12. List the prime factors of d.
2, 3
Suppose -c = -0 - 32. What are the prime factors of c?
2
Let v(t) = -t - 5. Let d be v(-7). Let w(k) be the first derivative of k**4/4 - k**3/3 + 3*k**2/2 - k - 1. What are the prime factors of w(d)?
3
Let j(u) = u + 1. Let n be j(2). Suppose -3*z - n = -0. What are the prime factors of 2 - -1 - 1/z?
2
Let m(i) = -i**2 + 8*i - 2. Let a be m(8). Let z be (2 + a + 1)*1. Suppose -2*b + 7 + z = 0. List the prime factors of b.
2
Suppose -5*n - 2*y + 218 = -n, 4*n - 2*y = 238. Let a = -28 + n. What are the prime factors of a?
29
Suppose 2*v + 3*v = -5*s + 95, 0 = -4*s + 5*v + 103. What are the prime factors of s?
2, 11
What are the prime factors of 2*22 + 11 + -11?
2, 11
Let b(f) = -1 + 0 + 13*f**2 - 3*f**2 + 0*f**2 + f. What are the prime factors of b(1)?
2, 5
Suppose 0 = -b + 4*b. Suppose b*h + 9 = 3*h. What are the prime factors of (2/(-6) + 1)*h?
2
Suppose -2*j - 2*j - 20 = 4*m, -5*j - 22 = 4*m. Let q be j/(-4) - (-1)/(-2). Let u = q + 8. List the prime factors of u.
2
Let l(h) = -h + 5. Let b be l(4). Suppose 0 = -d - b + 16. Let c = d - 9. What are the prime factors of c?
2, 3
Let i be (-5 + 6)*(3 + 1). Suppose 3*g - 19 = -i*b, 20 = -3*g + 5*b + 57. List the prime factors of g.
3
Let g be -2 + (2 - 5) + 5. Suppose 2*d - 5*p - 67 - 9 = g, 0 = d - 4*p - 44. List the prime factors of d.
2, 7
Let z = 2 - 0. Suppose -z*c = -c. Let j = c - -4. What are the prime factors of j?
2
Suppose -19*i + 14*i + 425 = 0. List the prime factors of i.
5, 17
Let u = 37 - 5. What are the prime factors of u?
2
Let c be (1/(-3))/(6/(-72)). Suppose 4*u = -4*p - 184, -2*p = -c*u - p - 179. List the prime factors of 18/u + (-164)/(-10).
2
Let c be ((-9)/2)/(1/(-2)). Suppose 2*m + 5*h - 16 = 5, m - c = -2*h. What are the prime factors of m?
3
Let f = -38 + 99. What are the prime factors of f?
61
What are the prime factors of (-18)/45 + 92/5?
2, 3
Let x = 8 + -4. List the prime factors of x.
2
Let c(w) = 3*w - 4. Let u be c(3). Let t = -1 + u. What are the prime factors of t?
2
Suppose 0 = -3*f - 3*z + 117, 6*z - 201 = -5*f + 4*z. List the prime factors of f.
41
Let l = 30 - 15. Suppose 3*x = 4*x - l. What are the prime factors of x?
3, 5
Let r = 17 + -15. Suppose 42 = r*g + 3*x, -5*x + 82 = -0*g + 4*g. List the prime factors of g.
2, 3
Let b be 14/21 - (-316)/(-6). Let v = -30 - b. List the prime factors of v.
2, 11
Let n(h) = 2*h + 10. Let c be n(0). Suppose -2*v - c = -4*v. What are the prime factors of v?
5
Let i = 11 + -8. Let v(w) = w**3 - 4*w**2 - w - 3. Let a be v(5). Suppose -2*h + i = -a. List the prime factors of h.
2, 5
Let i = -5 - -14. Let w be 2/(-5) + 28/(-5). Let y = i + w. List the prime factors of y.
3
Suppose k = -4*x + 114, -3*k - 35 = -2*x + x. What are the prime factors of x?
29
Suppose 6*y - 76 = 308. What are the prime factors of y?
2
Let l(y) = -8*y**3 - y**2 + 2*y + 2. What are the prime factors of l(-2)?
2, 29
Let m(s) = -s - 4. Let w be m(-4). Suppose 2*f + 2*f - 64 = w. Suppose -4*d + f = -2*d. What are the prime factors of d?
2
Let r(a) = -21*a - 24. What are the prime factors of r(-5)?
3
Suppose -7*u + 8*u - 79 = 0. List the prime factors of u.
79
Let f = 9 + -5. Suppose 0 = -3*v + f*v. Suppose v*z = -5*z + 3*o + 61, 0 = 3*z - o - 35. What are the prime factors of z?
11
List the prime factors of 1149/4 - 7/28.
7, 41
Suppose -3*l = -0*l - 12. Suppose -l*c + 16 = -2*c. Suppose -3*o + 15 = 0, -j - o + c = -1. List the prime factors of j.
2
Let d = 4 + 18. What are the prime factors of d?
2, 11
Let h be 8/(2 - 2 - -1). Suppose h = 4*s + 28. List the prime factors of (s/(-3))/((-3)/(-18)).
2, 5
What are the prime factors of ((-345)/(-45))/((-2)/(-6))?
23
What are the prime factors of 3/(12/608) - (-3)/3?
3, 17
Suppose 0 = -4*u + 2*h + 1132, 0*u = 2*u + 2*h - 566. List the prime factors of u.
283
Let u = -3 - -4. Let f(p) = 2*p + 3. Let d(r) = -r. Let s(k) = u*d(k) + f(k). What are the prime factors of s(4)?
7
Let w = -49 + 75. Let r(t) = -t**3 + 7*t**2 + 11*t - 20. Let c be r(8). Suppose -s + 3*s - w = -c*y, 2*s - y = 21. What are the prime factors of s?
11
Let u(c) = -7*c - 2. Let l = -7 - -12. Let t = l - 7. List the prime factors of u(t).
2, 3
Suppose 5*o = -0*o - 75. Let c be 3/((-9)/o) + 0. Suppose c*s - 58 = r, 0 = -0*s + 2*s + 3*r - 30. List the prime factors of s.
2, 3
What are the prime factors of ((-298)/3*-2)/((-38)/(-57))?
2, 149
Suppose -2*i - i = -75. List the prime factors of 2/(-10) + 405/i.
2
Let u(i) = 8*i**2 + 7*i + 10. List the prime factors of u(-3).
61
Let k = 180 - 120. List the prime factors of k.
2, 3, 5
What are the prime factors of (-312)/(-5) + (-14)/35?
2, 31
Let m be (0 - (-1 + 1)) + -2. Let x be -2 + 1 + m + 6. Suppose -2*b + f = -8, -2*b + 12 = -x*f - 0*f. List the prime factors of b.
3
List the prime factors of 603/18 - (-1)/(-2).
3, 11
Let b = -187 - -275. What are the prime factors of b?
2, 11
Let f be (-2)/(-4) + 105/10. Suppose 5 = 5*u + 3*n + 2, u - 2*n - f = 0. What are the prime factors of u?
3
Suppose 0 = 2*s, 5*s + 1 = 2*n - 5. Let q be (14/6)/(1/18). Suppose n*r - q - 9 = 0. List the prime factors of r.
17
Suppose -2*n + 110 = 2*w, 184 = 5*w - n - 85. What are the prime factors of w?
2, 3
Suppose -4*v + 1 = -3. Suppose 2*o - 16 = p, v = -o + 5. List the prime factors of ((-15)/6)/(2/p).
2, 5
Let h be (11/(-11))/(1/(-4)). Suppose -63 = -x - h*x + 2*r, -x - 2*r = -15. What are the prime factors of x?
13
What are the prime factors of (-2)/((-3)/9 - 74/(-240))?
2, 5
Suppose 5*l + 30 = -3*p + 147, p - 37 = -l. What are the prime factors of p?
2, 17
What are the prime factors of -54*(104/(-120) + (-4)/30)?
2, 3
Suppose -3*z = 4*y - 1521, -3*y = z + 2*z - 1143. List the prime factors of (-20)/(-6)*y/45.
2, 7
Suppose 2*j - 4*j = 2*x - 322, -2*j + 310 = -x. What are the prime factors of j?
157
Suppose 3*t = -0*t + 6. Suppose 3*w + z - 14 = 0, -5*z + 2 = -t*w - 0. Suppose 0 + w = 2*u. List the prime factors of u.
2
Let y(z) = -z - 8. Let m be y(-6). Let t be (-184)/(-18) + m/9. Let l = 17 - t. What are the prime factors of l?
7
Suppose -4*j + 4 + 40 = 0. Suppose -2*c = 3*c - 25. Let k = j - c. List the prime factors of k.
2, 3
Let n(u) = 2*u**3 - 2*u**2 - 3*u + 2. Let o be n(2). Let t(f) = f**3 - 4*f**2 + 2*f + 3. What are the prime factors of t(o)?
11
What are the prime factors of (-2109)/(-15) + (-2)/(-5)?
3, 47
Suppose 0 = -4*j + 5*j - 14. Let d = 3 + -1. What are the prime factors of 60/j + d/(-7)?
2
Let a(t) = -t**2 + t + 16. Let q be a(0). Suppose -4*h + 32 = h + 3*p, 4*p - q = 0. List the prime factors of (4/(-1))/((-2)/h).
2
Let r(t) = -t - 4. Let n(d) = -1. Let i(c) = -5. Let u(y) = -i(y) + 6*n(y). Let k(b) = -r(b) - 3*u(b). What are the prime factors of k(0)?
7
Suppose 2*h - 1 - 7 = 0. Suppose -h*c = c - u - 35, 5*c - 10 = -4*u. List the prime factors of c.
2, 3
Let o = 10 - 5. Suppose -o = p - 4*i, 2*i - 10 = -4*p + 6. What are the prime factors of p?
3
Let f be (-3)/(1*(1 - 2)). Suppose -f*b + 7 = -11. Let q = b + -4. What are the prime factors of q?
2
Let o be (-3*6/(-9))/(-2). Let r = o - -11. List the prime factors of r.
2, 5
Let o = 678 + -330. Suppose -5*a + o - 78 = 0. List the prime factors of a.
2, 3
Let f(n) = -n**3 + 9*n**2 - 8*n + 7. Let b be f(8). Suppose p - 8 - b = 0. List the prime factors of p.
3, 5
Let i = 206 - 112. What are the prime factors of i?
2, 47
Suppose 84 = 2*r - 36. List the prime factors of r.
2, 3, 5
Let j be 4/(-8)*2*-2. Suppose -40 = -j*h - 3*h. List the prime factors of h.
2
Let l = 6 - 1. Suppose 0 = 4*j - 3*x - 141, 0*j + l*x = -j + 41. List the prime factors of j.
2, 3
What are the prime factors of (-3687)/(-11) - 54/297?
5, 67
Suppose -j + 62 = j. List the prime factors of j.
31
Let r = -4 + 13. What are the prime factors of r?
3
Let j(p) = 16*p - 14. List the prime factors of j(6).
2, 41
List the prime factors of (-2 - 15/(-9)) + (-422)/(-6).
2, 5, 7
Let o = -31 - -106. What are the prime factors of o?
3, 5
Let t = 49 + -29. What are the prime factors of t?
2, 5
Let 